at is the tens digit of 22457704?
0
What is the hundreds digit of 448062?
0
What is the hundreds digit of 1508405?
4
What is the thousands digit of 17038559?
8
What is the hundreds digit of 3978710?
7
What is the tens digit of 4913167?
6
What is the hundred thousands digit of 6150631?
1
What is the units digit of 1690693?
3
What is the millions digit of 3460955?
3
What is the thousands digit of 33622?
3
What is the thousands digit of 12405299?
5
What is the hundreds digit of 403571?
5
What is the ten thousands digit of 1302211?
0
What is the tens digit of 488150?
5
What is the ten thousands digit of 61849?
6
What is the tens digit of 10776780?
8
What is the hundred thousands digit of 728405?
7
What is the hundreds digit of 1624599?
5
What is the ten thousands digit of 321875?
2
What is the hundreds digit of 12808351?
3
What is the thousands digit of 2175685?
5
What is the hundred thousands digit of 4722232?
7
What is the ten thousands digit of 89661?
8
What is the units digit of 1262533?
3
What is the ten thousands digit of 61169?
6
What is the ten thousands digit of 446479?
4
What is the units digit of 121130?
0
What is the millions digit of 12680158?
2
What is the tens digit of 1893347?
4
What is the thousands digit of 1295582?
5
What is the thousands digit of 143284?
3
What is the tens digit of 1932515?
1
What is the ten thousands digit of 3649764?
4
What is the ten thousands digit of 21527082?
2
What is the thousands digit of 949038?
9
What is the ten millions digit of 10725348?
1
What is the ten thousands digit of 2739831?
3
What is the hundreds digit of 4229573?
5
What is the units digit of 90723?
3
What is the tens digit of 77727?
2
What is the thousands digit of 8362?
8
What is the tens digit of 10979391?
9
What is the thousands digit of 377818?
7
What is the tens digit of 46837?
3
What is the units digit of 11954274?
4
What is the tens digit of 4289157?
5
What is the hundreds digit of 68018?
0
What is the hundred thousands digit of 12453620?
4
What is the ten thousands digit of 13312530?
1
What is the thousands digit of 2277105?
7
What is the ten thousands digit of 115452?
1
What is the ten thousands digit of 44503?
4
What is the ten thousands digit of 48443?
4
What is the ten thousands digit of 751295?
5
What is the millions digit of 1615068?
1
What is the units digit of 2412795?
5
What is the units digit of 276141?
1
What is the hundreds digit of 25013?
0
What is the millions digit of 3572820?
3
What is the units digit of 45998?
8
What is the hundreds digit of 234397?
3
What is the hundreds digit of 3102162?
1
What is the millions digit of 1443699?
1
What is the ten thousands digit of 287383?
8
What is the units digit of 456687?
7
What is the hundreds digit of 430532?
5
What is the hundred thousands digit of 146918?
1
What is the thousands digit of 14791094?
1
What is the hundreds digit of 5676309?
3
What is the ten thousands digit of 411547?
1
What is the units digit of 1429001?
1
What is the thousands digit of 117532?
7
What is the units digit of 7470095?
5
What is the units digit of 204798?
8
What is the hundred thousands digit of 332789?
3
What is the hundred thousands digit of 5406705?
4
What is the millions digit of 3360745?
3
What is the millions digit of 7123942?
7
What is the ten thousands digit of 454218?
5
What is the tens digit of 344870?
7
What is the thousands digit of 1236259?
6
What is the ten thousands digit of 2039344?
3
What is the units digit of 4484791?
1
What is the hundreds digit of 145710?
7
What is the hundred thousands digit of 215322?
2
What is the units digit of 258251?
1
What is the tens digit of 812677?
7
What is the thousands digit of 223197?
3
What is the thousands digit of 83329?
3
What is the tens digit of 996557?
5
What is the hundreds digit of 12756146?
1
What is the hundreds digit of 415175?
1
What is the hundreds digit of 275919?
9
What is the tens digit of 50818?
1
What is the thousands digit of 2748545?
8
What is the ten thousands digit of 26042073?
4
What is the ten thousands digit of 137130?
3
What is the millions digit of 1955162?
1
What is the ten thousands digit of 12511150?
1
What is the units digit of 10487889?
9
What is the hundreds digit of 268160?
1
What is the tens digit of 234047?
4
What is the units digit of 721480?
0
What is the ten thousands digit of 1705511?
0
What is the ten thousands digit of 254807?
5
What is the hundreds digit of 5738951?
9
What is the thousands digit of 324102?
4
What is the ten thousands digit of 2266744?
6
What is the hundreds digit of 7475139?
1
What is the ten thousands digit of 335286?
3
What is the thousands digit of 932120?
2
What is the hundreds digit of 2146658?
6
What is the hundred thousands digit of 236391?
2
What is the hundreds digit of 4912655?
6
What is the thousands digit of 1447456?
7
What is the units digit of 22687?
7
What is the ten thousands digit of 19480734?
8
What is the hundred thousands digit of 2031020?
0
What is the ten thousands digit of 580681?
8
What is the ten thousands digit of 507299?
0
What is the tens digit of 284462?
6
What is the ten thousands digit of 5791688?
9
What is the hundreds digit of 28398904?
9
What is the tens digit of 348466?
6
What is the thousands digit of 113930?
3
What is the thousands digit of 21671414?
1
What is the hundred thousands digit of 9239472?
2
What is the hundreds digit of 12536817?
8
What is the units digit of 1561886?
6
What is the tens digit of 1780294?
9
What is the ten thousands digit of 1281087?
8
What is the millions digit of 4830664?
4
What is the hundreds digit of 2759333?
3
What is the hundreds digit of 752736?
7
What is the thousands digit of 6615357?
5
What is the units digit of 2262257?
7
What is the ten millions digit of 26514405?
2
What is the thousands digit of 2544463?
4
What is the hundreds digit of 17405559?
5
What is the ten thousands digit of 929938?
2
What is the tens digit of 70397?
9
What is the units digit of 3316957?
7
What is the ten thousands digit of 169005?
6
What is the hundreds digit of 232672?
6
What is the units digit of 1246363?
3
What is the ten thousands digit of 136245?
3
What is the thousands digit of 799479?
9
What is the millions digit of 4421543?
4
What is the units digit of 1592397?
7
What is the ten thousands digit of 289162?
8
What is the hundred thousands digit of 380552?
3
What is the tens digit of 528348?
4
What is the thousands digit of 25671075?
1
What is the hundred thousands digit of 2283971?
2
What is the hundred thousands digit of 2538099?
5
What is the hundreds digit of 20929671?
6
What is the ten thousands digit of 6252159?
5
What is the units digit of 3801044?
4
What is the thousands digit of 447053?
7
What is the ten thousands digit of 82402?
8
What is the tens digit of 748478?
7
What is the thousands digit of 15675950?
5
What is the units digit of 175453?
3
What is the hundred thousands digit of 8136606?
1
What is the thousands digit of 404775?
4
What is the tens digit of 5456297?
9
What is the hundred thousands digit of 421550?
4
What is the hundred thousands digit of 542182?
5
What is the hundred thousands digit of 381683?
3
What is the millions digit of 14728062?
4
What is the units digit of 2952786?
6
What is the thousands digit of 358024?
8
What is the ten thousands digit of 9936586?
3
What is the hundreds digit of 2383199?
1
What is the hundred thousands digit of 257199?
2
What is the units digit of 693594?
4
What is the ten thousands digit of 13096233?
9
What is the hundred thousands digit of 3150471?
1
What is the tens digit of 232071?
7
What is the ten thousands digit of 2704529?
0
What is the tens digit of 1905937?
3
What is the units digit of 11682?
2
What is the units digit of 27998625?
5
What is the ten thousands digit of 5812649?
1
What is the ten thousands digit of 108465?
0
What is the tens digit of 269464?
6
What is the tens digit of 441461?
6
What is the units digit of 111122?
2
What is the units digit of 3032118?
8
What is the tens digit of 10203987?
8
What is the ten thousands digit of 127934?
2
What is the tens digit of 5107?
0
What is the ten thousands digit of 324436?
2
What is the hundred thousands digit of 6235228?
2
What is the hundreds digit of 3639049?
0
What is the millions digit of 8617229?
8
What 